{"id":13,"date":"2013-11-08T00:46:27","date_gmt":"2013-11-08T00:46:27","guid":{"rendered":"http:\/\/www.touspourlasyrie.fr\/?page_id=13"},"modified":"2024-02-10T21:26:42","modified_gmt":"2024-02-10T20:26:42","slug":"faire-un-don","status":"publish","type":"page","link":"http:\/\/www.touspourlasyrie.fr\/?page_id=13","title":{"rendered":"Faire un don"},"content":{"rendered":"<p>(English<em> translation at the bottom of the page)<\/em><\/p>\n<p><strong>Pourquoi ?<\/strong><\/p>\n<figure id=\"attachment_593\" aria-describedby=\"caption-attachment-593\" style=\"width: 300px\" class=\"wp-caption alignright\"><img loading=\"lazy\" decoding=\"async\" src=\"http:\/\/www.touspourlasyrie.fr\/wp-content\/uploads\/2013\/11\/2015-\u00e9cole_Azraq-Jordanie-\u00e9change_dessins-300x202.jpg\" alt=\"rencontre avec une institutrice de l'\u00e9cole d'Azraq (printemps 2015)\" width=\"300\" height=\"202\" \/><figcaption id=\"caption-attachment-593\" class=\"wp-caption-text\">rencontre avec une institutrice de l&rsquo;\u00e9cole d&rsquo;Azraq Jordanie (printemps 2015)<\/figcaption><\/figure>\n<p>Les <strong>cotisations<\/strong> des membres et les <strong>dons<\/strong> sont utilis\u00e9s pour financer les projets humanitaires que nous menons depuis 2012. Apr\u00e8s votre don, vous pouvez nous sp\u00e9cifier (via ce formulaire de contact) si vous souhaitez qu&rsquo;il soit utilis\u00e9 pour un projet particulier qui vous tient \u00e0 c\u0153ur (sinon l&rsquo;association l&rsquo;affectera au projet qui en a le plus besoin) :<\/p>\n<ul>\n<li><strong>soutien \u00e0 l&rsquo;\u00e9ducation des enfants r\u00e9fugi\u00e9s <\/strong>\u00e0 Azraq en Jordanie et camp Chatila au Liban\u00a0 (<a href=\"http:\/\/www.touspourlasyrie.fr\/scolarisation-des-enfants-syriens-refugies-a-azraq-en-jordanie\/\" target=\"_blank\" rel=\"noopener noreferrer\">plus d&rsquo;infos ici<\/a>)<\/li>\n<li><strong>soutien humanitaire<\/strong> aux syriens (v\u00eatements, mat\u00e9riel scolaire <a href=\"https:\/\/youtu.be\/79L9Mu7-zMA\">comme ici<\/a>, lait maternis\u00e9, bois de chauffage, ..)<\/li>\n<li><strong>soutien \u00e0 l&rsquo;int\u00e9gration des r\u00e9fugi\u00e9s en France.<\/strong><\/li>\n<\/ul>\n<p>Le total de vos dons, sup\u00e9rieur \u00e0 10\u20ac, donne lieu \u00e0 un re\u00e7u fiscal envoy\u00e9 par mail l&rsquo;ann\u00e9e suivante. Il vous permettra de d\u00e9duire <a title=\"fiscalit\u00e9 des dons aux associations\" href=\"http:\/\/vosdroits.service-public.fr\/particuliers\/F426.xhtml#N101A8\" target=\"_blank\" rel=\"noopener noreferrer\">66% du montant du don de vos imp\u00f4ts<\/a>.<\/p>\n<p><strong>Comment ?<\/strong><\/p>\n<ul>\n<li>par<strong> CB en ligne<\/strong> <em>(<strong>on-line donation<\/strong>)<\/em><\/li>\n<\/ul>\n<table>\n<thead>\n<tr>\n<th style=\"width: 50%; text-align: center;\">via Paypal (<a href=\"http:\/\/www.touspourlasyrie.fr\/contact\/\"> saisir ici vos coordonn\u00e9es<\/a> pour le re\u00e7u)<\/th>\n<\/tr>\n<\/thead>\n<tbody>\n<tr>\n<td>\n<p style=\"text-align: center;\"><a href=\"https:\/\/www.paypal.com\/cgi-bin\/webscr?cmd=_s-xclick&amp;hosted_button_id=7KT4EKX6K7NSS\" target=\"_blank\" rel=\"noopener noreferrer\"><img loading=\"lazy\" decoding=\"async\" title=\"PayPal\" src=\"http:\/\/www.touspourlasyrie.fr\/wp-content\/uploads\/2013\/11\/paypal-donate.png\" alt=\"donate\" width=\"196\" height=\"47\" \/><\/a><\/p>\n<\/td>\n<\/tr>\n<\/tbody>\n<\/table>\n<ul>\n<li>par <strong>ch\u00e8que<\/strong> (<em>by sending a <strong>bank check<\/strong><\/em>) \u00e0 l&rsquo;adresse ci-dessous (pr\u00e9cisez votre mail pour recevoir le re\u00e7u)\n<ul>\n<li>Association Tous pour la Syrie &#8211; La MIR<br \/>\n7 quai Chateaubriand<br \/>\n35000 Rennes<\/li>\n<\/ul>\n<\/li>\n<li>par <strong>virement bancaire. <\/strong>(<em><strong>bank transfer<\/strong>)<\/em>. Envoyez nous vos adresses postale et email via notre <a title=\"Contact\" href=\"http:\/\/www.touspourlasyrie.fr\/contact\/\" target=\"_blank\" rel=\"noopener noreferrer\">formulaire de contact<\/a> pour que nous puissions vous envoyer notre IBAN et aussi votre re\u00e7u l&rsquo;ann\u00e9e suivante.<\/li>\n<\/ul>\n<p>Merci pour eux !<\/p>\n<p><strong>English translation<\/strong><\/p>\n<p>Donations are integrally used for the humanitarian projects we have been organizing since 2012. No operative costs are taken from your donations. After your donation, you can contact us to specify the purpose of your donation:<\/p>\n<ul>\n<li>helping on the education of refugees children (Jordan and Lebanon)<\/li>\n<li>sending to syria or bordered countries of much needed containers of clothes, school materials and medical equipments. buy and distribute baby milk and much more<\/li>\n<li>helping fragile refugees in France to recover and to be inserted in our society.<\/li>\n<\/ul>\n<p>Donation are eligible to a <a title=\"tax refund\" href=\"http:\/\/vosdroits.service-public.fr\/particuliers\/F426.xhtml#N101A8\" target=\"_blank\" rel=\"noopener noreferrer\">66% French tax refund<\/a>:<\/p>\n<ul>\n<li><strong>donate on-line by credit card<\/strong>\n<ul>\n<li>via <strong>PayPal<\/strong>: your receipt will be sent to you by email at the beginning of the next year<strong><br \/>\n<\/strong><\/li>\n<\/ul>\n<\/li>\n<li>by checks to our postal address here above<\/li>\n<li>by bank transfer to IBAN above. Please use our <a title=\"Contact\" href=\"http:\/\/www.touspourlasyrie.fr\/contact\/\" target=\"_blank\" rel=\"noopener noreferrer\">contact form<\/a> to leave us your postal and email addresses so that we can send your donation receipt<\/li>\n<\/ul>\n","protected":false},"excerpt":{"rendered":"<p>(English translation at the bottom of the page) Pourquoi ? Les cotisations des membres et les dons sont utilis\u00e9s pour financer les projets humanitaires que nous menons depuis 2012. Apr\u00e8s &#8230;<\/p>\n","protected":false},"author":1,"featured_media":0,"parent":0,"menu_order":1,"comment_status":"closed","ping_status":"closed","template":"","meta":{"footnotes":""},"class_list":["post-13","page","type-page","status-publish","hentry"],"_links":{"self":[{"href":"http:\/\/www.touspourlasyrie.fr\/index.php?rest_route=\/wp\/v2\/pages\/13","targetHints":{"allow":["GET"]}}],"collection":[{"href":"http:\/\/www.touspourlasyrie.fr\/index.php?rest_route=\/wp\/v2\/pages"}],"about":[{"href":"http:\/\/www.touspourlasyrie.fr\/index.php?rest_route=\/wp\/v2\/types\/page"}],"author":[{"embeddable":true,"href":"http:\/\/www.touspourlasyrie.fr\/index.php?rest_route=\/wp\/v2\/users\/1"}],"replies":[{"embeddable":true,"href":"http:\/\/www.touspourlasyrie.fr\/index.php?rest_route=%2Fwp%2Fv2%2Fcomments&post=13"}],"version-history":[{"count":77,"href":"http:\/\/www.touspourlasyrie.fr\/index.php?rest_route=\/wp\/v2\/pages\/13\/revisions"}],"predecessor-version":[{"id":3197,"href":"http:\/\/www.touspourlasyrie.fr\/index.php?rest_route=\/wp\/v2\/pages\/13\/revisions\/3197"}],"wp:attachment":[{"href":"http:\/\/www.touspourlasyrie.fr\/index.php?rest_route=%2Fwp%2Fv2%2Fmedia&parent=13"}],"curies":[{"name":"wp","href":"https:\/\/api.w.org\/{rel}","templated":true}]}}