{"id":1759,"date":"2019-09-14T16:49:41","date_gmt":"2019-09-14T14:49:41","guid":{"rendered":"http:\/\/www.touspourlasyrie.fr\/?page_id=1759"},"modified":"2024-07-16T23:24:45","modified_gmt":"2024-07-16T21:24:45","slug":"echanges-linguistiques","status":"publish","type":"page","link":"https:\/\/www.touspourlasyrie.fr\/?page_id=1759","title":{"rendered":"Echanges linguistiques"},"content":{"rendered":"<h3>Groupe d&rsquo;\u00e9change franco-syrien : Partagez vos connaissances en langues fran\u00e7aise et arabe !<\/h3>\n<p><b>L\u2019association Tous pour la Syrie organise des ateliers gratuits et hebdomadaires d\u2019\u00e9change linguistique entre francophones et arabophones afin de d\u00e9velopper un r\u00e9el \u00e9change entre les participants et enseigner les bases des deux langues \u00e0 l\u2019une et l\u2019autre des communaut\u00e9s.<br \/><\/b><\/p>\n<p style=\"text-align: center;\"><strong><span style=\"color: #ff0000;\">Cette activit\u00e9 est arr\u00eat\u00e9e depuis 2023<\/span><\/strong><\/p>\n<p>L\u2019\u00e9change linguistique francophone-arabophone s\u2019est d\u00e9velopp\u00e9 au sein de l\u2019association, lorsque nous avons constat\u00e9 que les syriens qui arrivaient sur Rennes restaient entre syriens, et avaient du mal \u00e0 se m\u00e9langer, donc \u00e0 s\u2019int\u00e9grer. G\u00e9r\u00e9 majoritairement par Ali, les s\u00e9ances de deux heures ont lieu tous les lundis \u00e0 la Maison Internationale de Rennes.<\/p>\n<h4 style=\"text-align: center;\">\/!\\ 2022 \/!\\<\/h4>\n<p style=\"text-align: center;\"><strong>C&rsquo;est tous les lundis soirs \u00e0 18h15 \u00e0 la maison internationale de Rennes<\/strong><\/p>\n<p style=\"text-align: center;\"><strong> 7 Quai Chateaubriand, 35000 Rennes. (M\u00e9tro R\u00e9publique) , salle Atlantique au deuxi\u00e8me \u00e9tage.<\/strong><\/p>\n<p>Elles s\u2019articulent g\u00e9n\u00e9ralement en deux temps ; en fonction du nombre de participants pr\u00e9sents (nombre qui est rarement stable), on essaie de regrouper faire des petits groupes \u00e9quitables (si possible, un francophone pour un arabophone). Le fran\u00e7ais est au coeur de la premi\u00e8re heure ; le francophone enseigne \u00e0 l\u2019arabophone ce que ce dernier souhaite apprendre (grammaire, prononciation, discussion, etc.), et c\u2019est l\u2019inverse lors de la deuxi\u00e8me heure.<\/p>\n<p>C\u2019est un syst\u00e8me d\u2019\u00e9change tr\u00e8s amical, qui pla\u00eet \u00e0 la communaut\u00e9 syrienne car ses membres souhaitaient rendre ce que la communaut\u00e9 fran\u00e7aise lui apportait, sans avoir les ressources n\u00e9cessaires. C\u2019est \u00e9galement une fa\u00e7on de converser hors d\u2019un cadre scolaire ou professionnel qui a fait ses preuves ; qu\u2019il s\u2019agisse des arabophones ou des francophones, les deux progressent et poss\u00e8dent des bases solides dans le langage qu\u2019ils appr\u00e9hendent. Cependant, l\u2019\u00e9change linguistique poss\u00e8de plus qu\u2019un simple aspect acad\u00e9mique ; il s\u2019agit d\u2019\u00e9changes profond\u00e9ment humains, au cours desquels des relations se nouent et, une fois encore, des amiti\u00e9s peuvent s\u2019\u00e9tablir. Les syriens qui y participent arrivent \u00e0 cr\u00e9er des liens et \u00e0 sortir de l\u2019isolement dans lequel ils se trouvaient, et les participants fran\u00e7ais vivent une exp\u00e9rience riche et surprenante.<\/p>\n\n<ul class=\"wp-block-latest-posts__list is-grid columns-3 has-dates wp-block-latest-posts\"><li><div class=\"wp-block-latest-posts__featured-image\"><img loading=\"lazy\" decoding=\"async\" width=\"300\" height=\"169\" src=\"https:\/\/www.touspourlasyrie.fr\/wp-content\/uploads\/2022\/05\/IMG_7968-web-edited-300x169.jpg\" class=\"attachment-medium size-medium wp-post-image\" alt=\"\" style=\"\" srcset=\"https:\/\/www.touspourlasyrie.fr\/wp-content\/uploads\/2022\/05\/IMG_7968-web-edited-300x169.jpg 300w, https:\/\/www.touspourlasyrie.fr\/wp-content\/uploads\/2022\/05\/IMG_7968-web-edited.jpg 640w\" sizes=\"auto, (max-width: 300px) 100vw, 300px\" \/><\/div><a class=\"wp-block-latest-posts__post-title\" href=\"https:\/\/www.touspourlasyrie.fr\/?p=2715\">Reprise du groupe d&rsquo;\u00e9change franco-syrien<\/a><time datetime=\"2022-10-16T12:59:34+02:00\" class=\"wp-block-latest-posts__post-date\">16\/10\/2022<\/time><\/li>\n<li><a class=\"wp-block-latest-posts__post-title\" href=\"https:\/\/www.touspourlasyrie.fr\/?p=2349\">COURS DE FRAN\u00c7AIS POUR NON-FRANCOPHONE, TOUT NIVEAU<\/a><time datetime=\"2020-06-03T15:36:33+02:00\" class=\"wp-block-latest-posts__post-date\">03\/06\/2020<\/time><\/li>\n<li><a class=\"wp-block-latest-posts__post-title\" href=\"https:\/\/www.touspourlasyrie.fr\/?p=2374\">TOUS POUR LA SYRIE ET SES B\u00c9N\u00c9VOLES DONNENT DES COURS DE SOUTIEN SCOLAIRE<\/a><time datetime=\"2020-01-23T19:23:59+01:00\" class=\"wp-block-latest-posts__post-date\">23\/01\/2020<\/time><\/li>\n<\/ul>","protected":false},"excerpt":{"rendered":"<p>Groupe d&rsquo;\u00e9change franco-syrien : Partagez vos connaissances en langues fran\u00e7aise et arabe ! L\u2019association Tous pour la Syrie organise des ateliers gratuits et hebdomadaires d\u2019\u00e9change linguistique entre francophones et arabophones &#8230;<\/p>\n","protected":false},"author":10,"featured_media":0,"parent":1703,"menu_order":0,"comment_status":"closed","ping_status":"closed","template":"","meta":{"footnotes":""},"class_list":["post-1759","page","type-page","status-publish","hentry"],"_links":{"self":[{"href":"https:\/\/www.touspourlasyrie.fr\/index.php?rest_route=\/wp\/v2\/pages\/1759","targetHints":{"allow":["GET"]}}],"collection":[{"href":"https:\/\/www.touspourlasyrie.fr\/index.php?rest_route=\/wp\/v2\/pages"}],"about":[{"href":"https:\/\/www.touspourlasyrie.fr\/index.php?rest_route=\/wp\/v2\/types\/page"}],"author":[{"embeddable":true,"href":"https:\/\/www.touspourlasyrie.fr\/index.php?rest_route=\/wp\/v2\/users\/10"}],"replies":[{"embeddable":true,"href":"https:\/\/www.touspourlasyrie.fr\/index.php?rest_route=%2Fwp%2Fv2%2Fcomments&post=1759"}],"version-history":[{"count":17,"href":"https:\/\/www.touspourlasyrie.fr\/index.php?rest_route=\/wp\/v2\/pages\/1759\/revisions"}],"predecessor-version":[{"id":3289,"href":"https:\/\/www.touspourlasyrie.fr\/index.php?rest_route=\/wp\/v2\/pages\/1759\/revisions\/3289"}],"up":[{"embeddable":true,"href":"https:\/\/www.touspourlasyrie.fr\/index.php?rest_route=\/wp\/v2\/pages\/1703"}],"wp:attachment":[{"href":"https:\/\/www.touspourlasyrie.fr\/index.php?rest_route=%2Fwp%2Fv2%2Fmedia&parent=1759"}],"curies":[{"name":"wp","href":"https:\/\/api.w.org\/{rel}","templated":true}]}}